pose 5*j - 160 = -5*o, -6*j + 5*o + 80 = -3*j. Suppose -s + 274 - 128 - 130 = 0. Calculate the remainder when j is divided by s.
14
Let q(o) = -7 - 6*o**3 - 9*o + 5*o**3 - 8*o**2 - 1. Let l be q(-7). Suppose l*a + 132 = 10*a. Calculate the remainder when 129 is divided by a.
30
Let g(c) = 10*c**2 - 86*c - 50. Suppose -62 = -4*b + 14. What is the remainder when g(12) is divided by b?
16
What is the remainder when 48/(-3) - -11987 - -11 is divided by 23?
22
Suppose -48*b + 31*b = 5440. Let z = -301 - b. Calculate the remainder when 42 is divided by z.
4
Let v be ((-10)/(-3))/((-26)/(-546)). Suppose -73 = 4*a + 5*z, -a - 4*a - v = 2*z. Calculate the remainder when 13 is divided by 1*(-1 - a - 4).
6
Let n = -12334 + 14127. Calculate the remainder when n is divided by 8.
1
Suppose -111 + 99 = -4*k. Let t be k*(-8)/(-12) + 62/(-2). Let i = t + 42. Calculate the remainder when i is divided by 3.
1
Let w(u) = 6*u**2 - 14*u + 22. Let s(c) = 26*c + 3. What is the remainder when s(4) is divided by w(2)?
17
Let u be (9/3 + 3)*56/21. Suppose -3*d = 2*t - 23, -t + 2*d + d = -u. Calculate the remainder when 19 is divided by t.
6
Let c(w) = -75*w**3 + 5*w**2 + 3*w - 4. Calculate the remainder when c(-2) is divided by 82.
36
Suppose 2*w = -5*x + 1051, 4*w = -0*w - 4*x + 2072. Suppose -358 - 3512 = -58*o + 13*o. What is the remainder when w is divided by o?
83
Let i = -11581 + 12009. What is the remainder when i is divided by 144?
140
Let s(f) = -8*f - 41. Let o be s(5). Let a = o - -16. Let d = a - -74. Calculate the remainder when 79 is divided by d.
7
Let r(q) = -2*q**2 - 220*q - 1415. What is the remainder when 2073 is divided by r(-7)?
21
Calculate the remainder when 273 is divided by (1557/(-90))/((-2)/28) + 8/10.
30
Suppose -2*x + 245 = 3*r - x, -340 = -4*r + 2*x. Let w = r + -82. What is the remainder when 4 is divided by w?
0
Let g(r) = 19*r**2 + 173*r + 1291. What is the remainder when g(-7) is divided by 6?
3
Let q be ((-2)/(-4))/((-16)/(-736)). Let y be 15/(-120) - q/8. What is the remainder when 37/y*-1*6 is divided by 11?
8
Suppose -4*l - 29 = -109. Let f = -51 - -98. What is the remainder when f is divided by 5/l*44 + -1?
7
Let o be ((-14)/(-21))/(1/9) + -13. Let i(s) = -2*s**3 - 7*s**2 + 12*s + 11. Calculate the remainder when i(o) is divided by 34.
32
Suppose -12 = -2*r - 2*b, 22 = 2*r + 2*b + 2*b. Let t = 13 - 5. What is the remainder when (r*4/(-4))/((-2)/58) is divided by t?
5
Suppose 2*j - 4*j + 712 = 0. Let u = -81060 - -81111. Calculate the remainder when j is divided by u.
50
Let a = 222 - 174. Calculate the remainder when 162 is divided by a/(-18)*42*3/(-6).
50
Let n(u) = -u + 34*u**2 + u + 39*u**2. What is the remainder when n(-1) is divided by (-22)/2 + 127 + -91?
23
Suppose -5*w = 17 + 88. Let t(b) = -b**2 - 25*b - 50. What is the remainder when t(w) is divided by 9?
7
Suppose -5*f = -f. Suppose f = 2*t + 3*t - 90. Let w = -143 + 176. Calculate the remainder when w is divided by t.
15
Suppose 5*u - 3*r - 788 = 3101, 0 = -5*u + 4*r + 3897. What is the remainder when u is divided by 152?
13
Suppose 2*t = 2, 5*t = -4*l + 138 - 1461. Let v = l - -482. Calculate the remainder when v is divided by 38.
36
Suppose 0 = 18*m - 24*m + 246 + 78. Calculate the remainder when 7231 is divided by m.
49
Let i(h) = 11*h**2 - 661*h - 3361. Let v = -4 - -10. What is the remainder when i(-5) is divided by v?
3
Suppose -4*w - 4*w = -16. Let x(s) = 3 - 5*s - 1 + w - 2. Calculate the remainder when x(-1) is divided by 1.
0
Let w(y) = -2*y - 14. Let u = -39 + 32. Let o be w(u). Suppose j - 68 = -3*l, o = -3*l + 2*l + 4*j + 1. What is the remainder when l is divided by 12?
9
Suppose 0 = 5*y + d - 11, -2*y + 35 = 3*y - 5*d. Suppose 0 = -h + i + 126, -36*h + 33*h + 354 = y*i. What is the remainder when h is divided by 57?
8
Let l(g) = 8 - 2*g - 10*g - 8*g + 25*g. Let t = 40 + -21. What is the remainder when l(13) is divided by t?
16
Let m = 17723 + -17524. What is the remainder when 377 is divided by m?
178
Calculate the remainder when ((-737580)/(-4529))/(1 - 19/21) is divided by 59.
58
Suppose 0 = -5*u - 5, -1382 = -4*k + 2*u. Suppose -2*z + 134 = -s, -k = -5*z - 2*s - 1. Suppose 70*x = z*x + 36. What is the remainder when 51 is divided by x?
15
Let k(h) = 133*h - 235. What is the remainder when 680 is divided by k(3)?
24
Let t(n) = 36*n - 4902. Calculate the remainder when t(172) is divided by 1290.
0
Suppose 252*n = -5*m + 257*n + 120, -5*m = -4*n - 119. What is the remainder when 172 is divided by m?
11
Let f = -5429 + 5685. What is the remainder when f is divided by 160?
96
Suppose 30*x - 26*x = -4*l + 120, 4*x = -3*l + 116. Let h = 29 - x. Suppose -14 - 70 = -4*t. Calculate the remainder when t is divided by h.
0
Let b be -12*(-4 - -3)/(1/1). Let v be (2 + -6)/(b/27*-3). Suppose 4*p + 63 = -0*j + v*j, 37 = j + 4*p. Calculate the remainder when 74 is divided by j.
24
Let l = -359 + -31. Let t = l + 408. What is the remainder when 106 is divided by t?
16
Suppose -72*g = -20*g - 37*g - 4170. Calculate the remainder when g is divided by 264.
14
Suppose -r + 120 = 3*y, -3*y = -3*r + 16 - 112. Calculate the remainder when 22343 is divided by y.
37
What is the remainder when ((-50)/(-8))/((-27)/(-324) - 0) is divided by (33/(-2))/3*-2?
9
Calculate the remainder when 563 is divided by ((-28)/6)/2*96/(-56).
3
Suppose 3*h - 4*j + 22 = h, -12 = 2*h - 2*j. What is the remainder when 151 is divided by ((-37)/111)/(h/42)?
11
Let s(f) = -3*f**3 + 5*f**2 + 3*f - 2. Let k = 233122 + -233097. Calculate the remainder when s(-3) is divided by k.
15
Let f(q) = -6*q - 60. Let h be f(-10). Suppose 414 = 5*p - 5*s - 426, h = 4*p + s - 682. Calculate the remainder when p is divided by 59.
52
Let p = -1595 + 2658. What is the remainder when p is divided by 512?
39
Let i be (-1 - -1)/(3 - (-8)/(-4)). Let h be i - 5/15*6. Let y = h + 13. What is the remainder when 43 is divided by y?
10
Let l be ((-2)/4)/((-3)/144). Let h be (-3)/(-4*(-9)/l). What is the remainder when h*(-4 - (-46)/(-4)) is divided by 8?
7
Let g(x) = -x**3 + 104*x**2 + 9*x + 7*x + 8*x + 25 - 93*x**2. Let y be g(13). Calculate the remainder when 29 is divided by y/(-3) - 600/(-36).
12
Suppose 0 = 24*u - 0. Suppose u = 2*y + 7 - 121. What is the remainder when y is divided by 5?
2
Let q = 381 + -249. Suppose -3*n = -15 - q. Calculate the remainder when 83 is divided by 2/7 + 1358/n.
27
Let h = -43 + 36. Let m(t) = -2*t + 3. Let s be m(h). Suppose 1 = b - s. What is the remainder when 35 is divided by b?
17
Suppose -2*z - 14 = 4*r, 5*r + 27 - 2 = -z. Let v be -7*((-120)/35 + 2). Let f = v - r. Calculate the remainder when 23 is divided by f.
7
Let g = -123 - -128. Suppose 2*o + o = -4*u + 19, 3*o = -g*u + 17. What is the remainder when 49 is divided by o?
4
Let y(s) = 4*s**3 + 12*s**2 - 39*s + 3. What is the remainder when y(9) is divided by 14?
12
Let t = -837 + 1397. Suppose -j - 3*n + 96 = 0, 6*n = 5*j + n - t. Calculate the remainder when j is divided by 14.
10
Suppose -2*w = 21*w - 11*w - 444. Calculate the remainder when 3181 is divided by w.
36
Let s(d) = 138*d - 2869. What is the remainder when 340 is divided by s(21)?
21
Let x(i) = 95*i + 6630. What is the remainder when x(-64) is divided by 6?
4
Let t(a) = 255*a + 1790. Suppose -5*c + 2*c + 6 = 0. What is the remainder when (-3)/(c + 18/(-8)) is divided by t(-7)?
2
Suppose -709*f + 717*f = 72. Suppose -g - 62 = 4*a - f*a, 4*g - 52 = -5*a. Calculate the remainder when a is divided by 7.
5
Let s = 4799 + -4398. Calculate the remainder when s is divided by 204.
197
Calculate the remainder when (-11 - -7 - 146/(6 + -4))*-1 is divided by 3.
2
Suppose 3*w + 12 = -4*m, -2*w + 4 = -3*m - 3*w. Suppose m*k = k. Suppose 5*c = 5*r - 15 - 5, k = 5*c - 2*r + 5. What is the remainder when 6 is divided by c?
0
Let i = -4258 - -4350. What is the remainder when i is divided by 31?
30
Let x = -25 - -49. What is the remainder when x is divided by 1 + (5*2 + 1 - (209 - 207))?
4
Suppose -5*y + 25 = 0, 4*k = -6*y + y + 4849. Suppose 6*a - k = -12*a. What is the remainder when a is divided by 24?
19
Let m = 13 + -6. Calculate the remainder when 492/369 - 106/(-6) is divided by m.
5
Suppose 0 = -3*o - 240 + 285. Suppose 270 = o*d - 120. Calculate the remainder when 72 is divid